is -201001001111 - -12?
-201001001022
In base 14, what is 899 - -209?
aa4
In base 4, what is 101030 - 1010?
100020
In base 16, what is -4636 - 4?
-463a
In base 16, what is -1bfd68 + 5?
-1bfd63
In base 6, what is 1 + -1345044?
-1345043
In base 11, what is 5 - 105844?
-10583a
In base 16, what is 367e - -7?
3685
In base 14, what is -11 + 655b?
654a
In base 4, what is -113022 - -102?
-112320
In base 5, what is 42402 - -2344?
100301
In base 14, what is 793 - 11?
782
In base 16, what is 5 - 68b39?
-68b34
In base 12, what is -249 - -26a3?
2456
In base 10, what is -190723 - 3?
-190726
In base 7, what is -2 - -2622026?
2622024
In base 8, what is -126 - 125033?
-125161
In base 12, what is -1313b9 - 4?
-131401
In base 15, what is 3e48e - -3?
3e492
In base 9, what is -1154302 + -2?
-1154304
In base 6, what is -15034 + 30?
-15004
In base 3, what is -201 + -22121210?
-22122111
In base 14, what is d6 + -22d7?
-2201
In base 15, what is 15307 + -4?
15303
In base 2, what is 1011011101 + 110010000?
10001101101
In base 11, what is 66 - 67?
-1
In base 11, what is -6266 - -69?
-61a8
In base 3, what is -1 + 11110211100?
11110211022
In base 14, what is 1 - 4224?
-4223
In base 7, what is 3 - 205606?
-205603
In base 6, what is -41014453 + -4?
-41014501
In base 11, what is -8 + -2409?
-2416
In base 7, what is -1046022 + 1?
-1046021
In base 16, what is 1bdd - 8?
1bd5
In base 8, what is -3 + 1142132?
1142127
In base 6, what is 1332 - -120?
1452
In base 10, what is -25 + -518?
-543
In base 4, what is 31200 - 210?
30330
In base 3, what is -12101100022 + -11?
-12101100110
In base 8, what is 3367421 + 5?
3367426
In base 8, what is 12 + 1703?
1715
In base 9, what is -766 + 306?
-460
In base 2, what is -1011 + -110010100001?
-110010101100
In base 5, what is -4 - 1103021?
-1103030
In base 12, what is 25584 + 3?
25587
In base 12, what is -5 - -27b2?
27a9
In base 16, what is 30 - -169?
199
In base 16, what is -7cfc + 1?
-7cfb
In base 10, what is -396347 + 5?
-396342
In base 3, what is 120000 + -212120?
-22120
In base 12, what is -103 - -192?
8b
In base 14, what is -a7 + 12b?
64
In base 8, what is -575 - -437?
-136
In base 2, what is -1000001010 + 100011111?
-11101011
In base 4, what is 2 - 2301233?
-2301231
In base 4, what is 222321 + 1123?
230110
In base 2, what is 1101100000001 + -11110?
1101011100011
In base 9, what is 380 + -10?
370
In base 14, what is -14 + 18d0d?
18cd9
In base 4, what is -110312 + 231?
-110021
In base 4, what is 10 + -1200023023?
-1200023013
In base 16, what is 0 + 5144?
5144
In base 6, what is 353131 - 25?
353102
In base 11, what is 1 - -78479?
7847a
In base 12, what is b64 + 1a?
b82
In base 7, what is 3125 + 4144?
10302
In base 15, what is 1 - 3aee8?
-3aee7
In base 6, what is 32 + 201?
233
In base 5, what is 402 + 2033?
2440
In base 16, what is -3 + -250b4?
-250b7
In base 2, what is 11 - -10101101110011101?
10101101110100000
In base 14, what is -6 - -34547?
34541
In base 2, what is -11 + 11101010010001?
11101010001110
In base 7, what is 106501 + -12?
106456
In base 15, what is -8d7b - 4?
-8d80
In base 9, what is -3 - -27200?
27186
In base 12, what is -9 + 352b?
3522
In base 8, what is 431644 + -5?
431637
In base 8, what is 11414 + -3?
11411
In base 12, what is 2 + 4164?
4166
In base 11, what is 7 - 29338?
-29331
In base 9, what is 33472 - 154?
33317
In base 12, what is -3 + 159a9?
159a6
In base 5, what is 10 - 12441243?
-12441233
In base 8, what is 4 + -12654?
-12650
In base 5, what is -111 - -12310?
12144
In base 4, what is -1103 + 3112310?
3111201
In base 10, what is -1110762 - -5?
-1110757
In base 11, what is 38 - -9027?
9064
In base 2, what is 11001 + -11111011000001?
-11111010101000
In base 10, what is -366926 + -1?
-366927
In base 15, what is -5988 - -5?
-5983
In base 12, what is -27 - -20050?
20025
In base 14, what is 35562 + -a?
35556
In base 7, what is -204 + 42541?
42334
In base 10, what is 35 - -3988?
4023
In base 15, what is -2 + 1657d?
1657b
In base 10, what is -2 + 103352?
103350
In base 16, what is 4dde - -2?
4de0
In base 7, what is -264541 - -2?
-264536
In base 3, what is -1022002102 - -10?
-1022002022
In base 10, what is -11 + 2333?
2322
In base 15, what is -192cd - 4?
-192d2
In base 2, what is -100 + -1001110011101011?
-1001110011101111
In base 14, what is b4636d + 4?
b46373
In base 3, what is 210 - 201202?
-200222
In base 6, what is 1 - -1123025?
1123030
In base 7, what is 1 + -165310?
-165306
In base 8, what is -3341 - 4142?
-7503
In base 3, what is 120102001 - -2?
120102010
In base 14, what is c - -8024?
8032
In base 10, what is 199 + 1658?
1857
In base 10, what is 3126 - -19?
3145
In base 8, what is -5 + 66646?
66641
In base 15, what is 9842d + -5?
98428
In base 3, what is 22002210200 + -1?
22002210122
In base 6, what is 11 + 5132210?
5132221
In base 4, what is 1023010 + -12210?
1010200
In base 2, what is 1110101001111111011 - 11?
1110101001111111000
In base 6, what is -1 - -1101324?
1101323
In base 12, what is -24151 + -19?
-2416a
In base 11, what is 5649 - 1?
5648
In base 5, what is 444 + -12413?
-11414
In base 10, what is 1654 + -9?
1645
In base 3, what is 2 + 10221221121?
10221221200
In base 16, what is -3 + -4369?
-436c
In base 2, what is -1111100110000 - -10010?
-1111100011110
In base 2, what is -1101001 + 110100?
-110101
In base 4, what is 20232231 + 30?
20232321
In base 8, what is 620 - 10?
610
In base 10, what is 128752 + 2?
128754
In base 4, what is -30 + 3002?
2312
In base 12, what is -23 + -1195?
-11b8
In base 3, what is -201 - -2100110210?
2100110002
In base 3, what is -1021111110 + 122?
-1021110211
In base 6, what is 3 + -10505?
-10502
In base 11, what is -2 + -8a077?
-8a079
In base 7, what is 4 - -3122236?
3122243
In base 11, what is -24a - -83?
-177
In base 8, what is -55376 - 17?
-55415
In base 7, what is -120035 + -34?
-120102
In base 3, what is 221211222011 + 2?
221211222020
In base 14, what is -1b20 - -8?
-1b16
In base 6, what is -340 + -1024?
-1404
In base 4, what is -30110 - 1101001?
-1131111
In base 10, what is -92 - -3128?
3036
In base 6, what is 314 + -101543?
-101225
In base 11, what is -27546 - 1?
-27547
In base 7, what is 3212 + 1102?
4314
In base 14, what is 15 + 191c7?
191dc
In base 16, what is -1608f - 4?
-16093
In base 12, what is -65574 - 3?
-65577
In base 4, what is -30202 + -103?
-30311
In base 8, what is 1665 + 7?
1674
In base 10, what is 434 + 172?
606
In base 16, what is 308 - 1f?
2e9
In base 9, what is 2167253 + 4?
2167257
In base 6, what is 200015004 + -1?
200015003
In base 3, what is 210200 + -2210?
200220
In base 11, what is -1 + -407861?
-407862
In base 3, what is 2 - 120101120?
-120101111
In base 9, what is -16 - 11137?
-11154
In base 10, what is 3 + -8908?
-8905
In base 3, what is 1022 + 10000?
11022
In base 13, what is -26c6 - -46?
-2680
In base 2, what is -1000000101110101110001 + 100?
-1000000101110101101101
In base 10, what is 194 + -10820?
-10626
In base 9, what is -4 - -1017?
1013
In base 11, what is 32752a + 0?
32752a
In base 11, what is 673 + -1558?
-995
In base 12, what is -16 - 15025?
-1503b
In base 7, what is 260 - -62144?
62434
In base 12, what is -1 - -3156?
3155
In base 7, what is 33 - 30442?
-30406
In base 4, what is 2 - 21232011?
-21232003
In base 6, what is 51224 + -1425?
45355
In base 11, what is -3a35 + 20?
-3a15
In base 16, what is -5 + 4350?
434b
In base 13, what is -4861 - 15?
-4876
In base 10, what is -4 + 231027?
231023
In base 2, what is 11001111111 - 1000100?
11000111011
In base 6, what is -244335 + 120?
-244215
In base 4, what is 2223 + 20203?
23032
In base 16, what is -14 - -9e?
8a
In base 2, what is 11101001011011 - 110111?
11101000100100
In base 10, what is 45 - 594?
-549
In base 12, what is -5 + -306bb9?
-307002
In base 5, what is -2 - -11111?
11104
In base 13, what is -1 - -1431c?
1431b
In base 11, what is -5794 - -3?
-5791
In base 12, what is -1 - 500417?
-500418
In base 16, what is 10494 + -1?
10493
In base 4, what is -333233 - -11?
-333222
In base 11, what is 102 + 665a?
6761
In base 9, what is -366 + -20?
-386
In base 13, what is -12b76b - 5?
-12b773
In base 4, what is -13323 + -12102?
-32031
In base 5, what is 212444 + 13?
213012
In base 16, what is 1 + -cf21?
-cf20
In base 10, what is 682643 - -4?
682647
In base 7, what is -163600 + 150?
-163420
In